{"id":2166,"date":"2021-04-26T16:08:12","date_gmt":"2021-04-26T14:08:12","guid":{"rendered":"https:\/\/www.theatrecharbon.fr\/sandbox\/?page_id=2166"},"modified":"2026-02-13T10:35:34","modified_gmt":"2026-02-13T09:35:34","slug":"actions-culturelles","status":"publish","type":"page","link":"https:\/\/www.theatrecharbon.fr\/sandbox\/actions-culturelles\/","title":{"rendered":"Actions culturelles"},"content":{"rendered":"<h1>Actions culturelles <\/h1>\n<p>\t\t\t<a href=\"https:\/\/www.theatrecharbon.fr\/sandbox\/interventions-en-periode-scolaire\/\" role=\"button\"><br \/>\n\t\t\t\t\t\tTemps scolaire<br \/>\n\t\t\t\t\t<\/a><br \/>\n\t\t\t<a href=\"https:\/\/www.theatrecharbon.fr\/sandbox\/actions-culturelles-hors-temps-scolaire\/\" role=\"button\"><br \/>\n\t\t\t\t\t\tHors temps scolaire<br \/>\n\t\t\t\t\t<\/a><\/p>\n<p>L\u2019objet de Th\u00e9\u00e2tre Charbon, dont les pr\u00e9occupations tout enti\u00e8res sont la lutte contre le racisme, l\u2019antis\u00e9mitisme, la haine\u2026 articule l\u2019ensemble de son projet : cr\u00e9ations, programmations, actions culturelles avec comme axe une r\u00e9ponse aux probl\u00e9matiques soci\u00e9tales identifi\u00e9es sur le quartier ; \u00e0 savoir une r\u00e9ponse au sentiment de d\u00e9classement, \u00e0 la difficult\u00e9 pour certains de ma\u00eetriser la langue fran\u00e7aise, aux probl\u00e9matiques d\u2019appartenance \u00e0 une communaut\u00e9 nationale qui ne laisse pas de c\u00f4t\u00e9 certains de ces membres\u2026 Elle s\u2019attache sur chacune de ses interventions \u00e0 cr\u00e9er du sens et du lien entre les personnes qui a priori, pour des raisons de classes sociales, religions,<\/p>\n<p>couleurs\u2026 ne se reconnaissent pas et ont de plus en plus de mal \u00e0 vivre ensemble. Les actions men\u00e9es : cr\u00e9ations de spectacles vivants , programmation d\u2019un festival intitul\u00e9 enracinement d\u00e9racinement, interventions aupr\u00e8s de publics tels que des apprenants en langue fran\u00e7aise, mineurs isol\u00e9s primo-arrivants, accompagnement vers l\u2019emploi \u00e0 destination des plus fragiles, interventions aupr\u00e8s des structures de l\u2019Education nationale comme les coll\u00e8ges Fournier et Montesquieu ou encore la MFR avec comme axe de travail la la\u00efcit\u00e9&#8230; sont les missions du Th\u00e9\u00e2tre Charbon sur le quartier d\u2019Orl\u00e9ans La Source.<\/p>\n","protected":false},"excerpt":{"rendered":"<p>Actions culturelles Temps scolaire Hors temps scolaire L\u2019objet de Th\u00e9\u00e2tre Charbon, dont les pr\u00e9occupations tout enti\u00e8res sont la lutte contre le racisme, l\u2019antis\u00e9mitisme, la haine\u2026 articule l\u2019ensemble de son projet : cr\u00e9ations, programmations, actions culturelles avec comme axe une r\u00e9ponse aux probl\u00e9matiques soci\u00e9tales identifi\u00e9es sur le quartier ; \u00e0 savoir une r\u00e9ponse au sentiment de&#8230;<\/p>\n","protected":false},"author":1,"featured_media":0,"parent":0,"menu_order":0,"comment_status":"closed","ping_status":"closed","template":"","meta":{"_kad_post_transparent":"","_kad_post_title":"hide","_kad_post_layout":"fullwidth","_kad_post_sidebar_id":"","_kad_post_content_style":"unboxed","_kad_post_vertical_padding":"hide","_kad_post_feature":"hide","_kad_post_feature_position":"","_kad_post_header":false,"_kad_post_footer":false,"cybocfi_hide_featured_image":"","footnotes":""},"class_list":["post-2166","page","type-page","status-publish","hentry"],"yoast_head":"<!-- This site is optimized with the Yoast SEO plugin v22.4 - https:\/\/yoast.com\/wordpress\/plugins\/seo\/ -->\n<title>Actions culturelles - Th\u00e9\u00e2tre Charbon<\/title>\n<meta name=\"robots\" content=\"index, follow, max-snippet:-1, max-image-preview:large, max-video-preview:-1\" \/>\n<link rel=\"canonical\" href=\"https:\/\/www.theatrecharbon.fr\/sandbox\/actions-culturelles\/\" \/>\n<meta property=\"og:locale\" content=\"fr_FR\" \/>\n<meta property=\"og:type\" content=\"article\" \/>\n<meta property=\"og:title\" content=\"Actions culturelles - Th\u00e9\u00e2tre Charbon\" \/>\n<meta property=\"og:description\" content=\"Actions culturelles Temps scolaire Hors temps scolaire L\u2019objet de Th\u00e9\u00e2tre Charbon, dont les pr\u00e9occupations tout enti\u00e8res sont la lutte contre le racisme, l\u2019antis\u00e9mitisme, la haine\u2026 articule l\u2019ensemble de son projet : cr\u00e9ations, programmations, actions culturelles avec comme axe une r\u00e9ponse aux probl\u00e9matiques soci\u00e9tales identifi\u00e9es sur le quartier ; \u00e0 savoir une r\u00e9ponse au sentiment de...\" \/>\n<meta property=\"og:url\" content=\"https:\/\/www.theatrecharbon.fr\/sandbox\/actions-culturelles\/\" \/>\n<meta property=\"og:site_name\" content=\"Th\u00e9\u00e2tre Charbon\" \/>\n<meta property=\"article:publisher\" content=\"https:\/\/www.facebook.com\/theatrecharbon45\" \/>\n<meta property=\"article:modified_time\" content=\"2026-02-13T09:35:34+00:00\" \/>\n<meta name=\"twitter:card\" content=\"summary_large_image\" \/>\n<meta name=\"twitter:label1\" content=\"Dur\u00e9e de lecture estim\u00e9e\" \/>\n\t<meta name=\"twitter:data1\" content=\"1 minute\" \/>\n<script type=\"application\/ld+json\" class=\"yoast-schema-graph\">{\"@context\":\"https:\/\/schema.org\",\"@graph\":[{\"@type\":\"WebPage\",\"@id\":\"https:\/\/www.theatrecharbon.fr\/sandbox\/actions-culturelles\/\",\"url\":\"https:\/\/www.theatrecharbon.fr\/sandbox\/actions-culturelles\/\",\"name\":\"Actions culturelles - Th\u00e9\u00e2tre Charbon\",\"isPartOf\":{\"@id\":\"https:\/\/www.theatrecharbon.fr\/sandbox\/#website\"},\"datePublished\":\"2021-04-26T14:08:12+00:00\",\"dateModified\":\"2026-02-13T09:35:34+00:00\",\"breadcrumb\":{\"@id\":\"https:\/\/www.theatrecharbon.fr\/sandbox\/actions-culturelles\/#breadcrumb\"},\"inLanguage\":\"fr-FR\",\"potentialAction\":[{\"@type\":\"ReadAction\",\"target\":[\"https:\/\/www.theatrecharbon.fr\/sandbox\/actions-culturelles\/\"]}]},{\"@type\":\"BreadcrumbList\",\"@id\":\"https:\/\/www.theatrecharbon.fr\/sandbox\/actions-culturelles\/#breadcrumb\",\"itemListElement\":[{\"@type\":\"ListItem\",\"position\":1,\"name\":\"Accueil\",\"item\":\"https:\/\/www.theatrecharbon.fr\/sandbox\/\"},{\"@type\":\"ListItem\",\"position\":2,\"name\":\"Actions culturelles\"}]},{\"@type\":\"WebSite\",\"@id\":\"https:\/\/www.theatrecharbon.fr\/sandbox\/#website\",\"url\":\"https:\/\/www.theatrecharbon.fr\/sandbox\/\",\"name\":\"Th\u00e9\u00e2tre Charbon\",\"description\":\"Une compagnie engag\u00e9e pour son territoire\",\"publisher\":{\"@id\":\"https:\/\/www.theatrecharbon.fr\/sandbox\/#organization\"},\"potentialAction\":[{\"@type\":\"SearchAction\",\"target\":{\"@type\":\"EntryPoint\",\"urlTemplate\":\"https:\/\/www.theatrecharbon.fr\/sandbox\/?s={search_term_string}\"},\"query-input\":\"required name=search_term_string\"}],\"inLanguage\":\"fr-FR\"},{\"@type\":\"Organization\",\"@id\":\"https:\/\/www.theatrecharbon.fr\/sandbox\/#organization\",\"name\":\"Th\u00e9\u00e2tre Charbon\",\"url\":\"https:\/\/www.theatrecharbon.fr\/sandbox\/\",\"logo\":{\"@type\":\"ImageObject\",\"inLanguage\":\"fr-FR\",\"@id\":\"https:\/\/www.theatrecharbon.fr\/sandbox\/#\/schema\/logo\/image\/\",\"url\":\"https:\/\/www.theatrecharbon.fr\/sandbox\/wp-content\/uploads\/2021\/03\/cropped-LOGOTYPE_THEATRE_CHARBON-e1620048345361.png\",\"contentUrl\":\"https:\/\/www.theatrecharbon.fr\/sandbox\/wp-content\/uploads\/2021\/03\/cropped-LOGOTYPE_THEATRE_CHARBON-e1620048345361.png\",\"width\":150,\"height\":104,\"caption\":\"Th\u00e9\u00e2tre Charbon\"},\"image\":{\"@id\":\"https:\/\/www.theatrecharbon.fr\/sandbox\/#\/schema\/logo\/image\/\"},\"sameAs\":[\"https:\/\/www.facebook.com\/theatrecharbon45\",\"https:\/\/www.youtube.com\/channel\/UCUYPyyMIHpxmMW8g_322pEg\"]}]}<\/script>\n<!-- \/ Yoast SEO plugin. -->","yoast_head_json":{"title":"Actions culturelles - Th\u00e9\u00e2tre Charbon","robots":{"index":"index","follow":"follow","max-snippet":"max-snippet:-1","max-image-preview":"max-image-preview:large","max-video-preview":"max-video-preview:-1"},"canonical":"https:\/\/www.theatrecharbon.fr\/sandbox\/actions-culturelles\/","og_locale":"fr_FR","og_type":"article","og_title":"Actions culturelles - Th\u00e9\u00e2tre Charbon","og_description":"Actions culturelles Temps scolaire Hors temps scolaire L\u2019objet de Th\u00e9\u00e2tre Charbon, dont les pr\u00e9occupations tout enti\u00e8res sont la lutte contre le racisme, l\u2019antis\u00e9mitisme, la haine\u2026 articule l\u2019ensemble de son projet : cr\u00e9ations, programmations, actions culturelles avec comme axe une r\u00e9ponse aux probl\u00e9matiques soci\u00e9tales identifi\u00e9es sur le quartier ; \u00e0 savoir une r\u00e9ponse au sentiment de...","og_url":"https:\/\/www.theatrecharbon.fr\/sandbox\/actions-culturelles\/","og_site_name":"Th\u00e9\u00e2tre Charbon","article_publisher":"https:\/\/www.facebook.com\/theatrecharbon45","article_modified_time":"2026-02-13T09:35:34+00:00","twitter_card":"summary_large_image","twitter_misc":{"Dur\u00e9e de lecture estim\u00e9e":"1 minute"},"schema":{"@context":"https:\/\/schema.org","@graph":[{"@type":"WebPage","@id":"https:\/\/www.theatrecharbon.fr\/sandbox\/actions-culturelles\/","url":"https:\/\/www.theatrecharbon.fr\/sandbox\/actions-culturelles\/","name":"Actions culturelles - Th\u00e9\u00e2tre Charbon","isPartOf":{"@id":"https:\/\/www.theatrecharbon.fr\/sandbox\/#website"},"datePublished":"2021-04-26T14:08:12+00:00","dateModified":"2026-02-13T09:35:34+00:00","breadcrumb":{"@id":"https:\/\/www.theatrecharbon.fr\/sandbox\/actions-culturelles\/#breadcrumb"},"inLanguage":"fr-FR","potentialAction":[{"@type":"ReadAction","target":["https:\/\/www.theatrecharbon.fr\/sandbox\/actions-culturelles\/"]}]},{"@type":"BreadcrumbList","@id":"https:\/\/www.theatrecharbon.fr\/sandbox\/actions-culturelles\/#breadcrumb","itemListElement":[{"@type":"ListItem","position":1,"name":"Accueil","item":"https:\/\/www.theatrecharbon.fr\/sandbox\/"},{"@type":"ListItem","position":2,"name":"Actions culturelles"}]},{"@type":"WebSite","@id":"https:\/\/www.theatrecharbon.fr\/sandbox\/#website","url":"https:\/\/www.theatrecharbon.fr\/sandbox\/","name":"Th\u00e9\u00e2tre Charbon","description":"Une compagnie engag\u00e9e pour son territoire","publisher":{"@id":"https:\/\/www.theatrecharbon.fr\/sandbox\/#organization"},"potentialAction":[{"@type":"SearchAction","target":{"@type":"EntryPoint","urlTemplate":"https:\/\/www.theatrecharbon.fr\/sandbox\/?s={search_term_string}"},"query-input":"required name=search_term_string"}],"inLanguage":"fr-FR"},{"@type":"Organization","@id":"https:\/\/www.theatrecharbon.fr\/sandbox\/#organization","name":"Th\u00e9\u00e2tre Charbon","url":"https:\/\/www.theatrecharbon.fr\/sandbox\/","logo":{"@type":"ImageObject","inLanguage":"fr-FR","@id":"https:\/\/www.theatrecharbon.fr\/sandbox\/#\/schema\/logo\/image\/","url":"https:\/\/www.theatrecharbon.fr\/sandbox\/wp-content\/uploads\/2021\/03\/cropped-LOGOTYPE_THEATRE_CHARBON-e1620048345361.png","contentUrl":"https:\/\/www.theatrecharbon.fr\/sandbox\/wp-content\/uploads\/2021\/03\/cropped-LOGOTYPE_THEATRE_CHARBON-e1620048345361.png","width":150,"height":104,"caption":"Th\u00e9\u00e2tre Charbon"},"image":{"@id":"https:\/\/www.theatrecharbon.fr\/sandbox\/#\/schema\/logo\/image\/"},"sameAs":["https:\/\/www.facebook.com\/theatrecharbon45","https:\/\/www.youtube.com\/channel\/UCUYPyyMIHpxmMW8g_322pEg"]}]}},"_links":{"self":[{"href":"https:\/\/www.theatrecharbon.fr\/sandbox\/wp-json\/wp\/v2\/pages\/2166","targetHints":{"allow":["GET"]}}],"collection":[{"href":"https:\/\/www.theatrecharbon.fr\/sandbox\/wp-json\/wp\/v2\/pages"}],"about":[{"href":"https:\/\/www.theatrecharbon.fr\/sandbox\/wp-json\/wp\/v2\/types\/page"}],"author":[{"embeddable":true,"href":"https:\/\/www.theatrecharbon.fr\/sandbox\/wp-json\/wp\/v2\/users\/1"}],"replies":[{"embeddable":true,"href":"https:\/\/www.theatrecharbon.fr\/sandbox\/wp-json\/wp\/v2\/comments?post=2166"}],"version-history":[{"count":190,"href":"https:\/\/www.theatrecharbon.fr\/sandbox\/wp-json\/wp\/v2\/pages\/2166\/revisions"}],"predecessor-version":[{"id":3668,"href":"https:\/\/www.theatrecharbon.fr\/sandbox\/wp-json\/wp\/v2\/pages\/2166\/revisions\/3668"}],"wp:attachment":[{"href":"https:\/\/www.theatrecharbon.fr\/sandbox\/wp-json\/wp\/v2\/media?parent=2166"}],"curies":[{"name":"wp","href":"https:\/\/api.w.org\/{rel}","templated":true}]}}